373. Give c(2).
-3
Let z(b) = -6*b**2 + 1050*b - 2084. What is z(2)?
-8
Let b(q) = q**2 - 11*q + 24. Give b(5).
-6
Let i(g) = 9*g - 6. Calculate i(-5).
-51
Let w(r) = 4*r**2 - 118*r + 453. Determine w(25).
3
Let f(m) = 4*m - 211. Calculate f(26).
-107
Let h(p) = 24*p - 230. Give h(12).
58
Let t(j) = -5*j**3 + 7*j**2 - 623*j + 1246. Determine t(2).
-12
Let y(i) = -7*i + 184. Give y(37).
-75
Let j(y) = -121*y - 2482. Give j(-21).
59
Let b(z) = -60*z - 71. What is b(6)?
-431
Let a(x) = 30*x + 553. Give a(-26).
-227
Let g(b) = -b + 31. Give g(-27).
58
Let b(u) = 63*u - 1428. What is b(21)?
-105
Let c(a) = 1089*a - 27250. Calculate c(25).
-25
Let l(o) = -o**2 - 14*o - 79. Determine l(-13).
-66
Let f(t) = -3*t**3 + t**2 + 22. What is f(6)?
-590
Let u(s) = -740*s - 8888. Calculate u(-12).
-8
Let x(o) = -4*o**3 + 17*o**2 + 2*o + 2. Give x(-2).
98
Let h(k) = k**3 - 3*k**2 - 6*k - 7. Calculate h(6).
65
Let c(o) = -5*o**3 + 76*o**2 - 6*o - 123. Calculate c(15).
12
Let f(r) = -r**3 + 12*r**2 + 33*r - 87. What is f(14)?
-17
Let b(w) = 268*w + 2135. What is b(-8)?
-9
Let m(y) = y**3 + 6*y**2 + 54*y - 125. Calculate m(2).
15
Let n(r) = -r**3 - 6*r**2 - 102. What is n(-8)?
26
Let x(q) = -228*q - 10253. Give x(-45).
7
Let m(b) = 48*b**2 + 122*b - 123. What is m(1)?
47
Let h(v) = -24*v + 3153. Give h(129).
57
Let z(a) = a**2 + 32*a - 60. What is z(2)?
8
Let x(z) = 2*z - 169. Give x(-8).
-185
Let t(y) = y**2 - 96*y + 1094. Give t(83).
15
Let p(i) = i**3 - 71*i**2 + 991*i - 165. Give p(52).
-9
Let o(v) = 340*v + 2712. Determine o(-7).
332
Let d(r) = -r**3 - 7*r**2 + 128*r - 1. Determine d(-16).
255
Let n(i) = -276*i**3 + 1105*i**2 - 3*i + 8. What is n(4)?
12
Let m(d) = 20*d + 40. Determine m(-3).
-20
Let q(z) = -40*z + 127. Determine q(4).
-33
Let a(s) = -176*s - 2108. Determine a(-12).
4
Let m(j) = -j**3 - 350*j**2 - 3401*j - 7. Determine m(-10).
3
Let w(d) = d**2 - 23*d - 161. Give w(30).
49
Let a(j) = 4*j**3 + 33*j**2 - 25*j + 20. Determine a(-9).
2
Let w(a) = 2068*a - 20680. Calculate w(10).
0
Let i(l) = 139*l + 3687. Determine i(-26).
73
Let i(x) = -x**3 + 2*x**2 + 142*x + 37. Give i(13).
24
Let c(f) = -20*f + 23. What is c(1)?
3
Let p(i) = -6*i**3 + 2*i**2 + 16*i - 9. Give p(3).
-105
Let n(d) = -4*d**2 + 3461*d + 45668. Give n(-13).
-1
Let u(k) = -473*k + 18430. Determine u(39).
-17
Let h(a) = -3*a + 30. What is h(14)?
-12
Let l(p) = -p**3 - 13*p**2 + p + 2. Calculate l(-13).
-11
Let f(t) = 4*t**3 - 288*t**2 - 3*t + 103. Give f(72).
-113
Let d(g) = 14*g**2 + 172*g + 11. What is d(-12)?
-37
Let l(n) = -n**3 + 70*n**2 - 778*n - 44. Give l(14).
40
Let y(w) = -57*w + 6850. Determine y(120).
10
Let o(w) = 15*w - 1297. Calculate o(88).
23
Let s(u) = 5*u**2 + 229*u - 73. Calculate s(-46).
-27
Let p(o) = -4*o**3 - 368*o**2 - o - 84. Determine p(-92).
8
Let v(l) = 4289*l - 4293. Give v(1).
-4
Let i(a) = 2*a**2 + 40*a - 16. Give i(-20).
-16
Let h(w) = w**2 + 91*w + 1465. Give h(-70).
-5
Let c(a) = 58*a + 882. Give c(-15).
12
Let m(l) = -2*l**3 - 11*l**2 + 8*l - 93. Determine m(-7).
-2
Let f(d) = 4*d**2 + 102*d + 651. Calculate f(-16).
43
Let f(w) = -w**2 - 36*w + 95. Determine f(3).
-22
Let y(u) = -4*u**2 + 54*u - 224. Give y(7).
-42
Let p(d) = 79*d + 86. Determine p(-1).
7
Let i(v) = 37*v**2 - 265*v + 31. Calculate i(7).
-11
Let m(w) = -5148*w - 15438. Calculate m(-3).
6
Let y(d) = -d**3 + 30*d**2 - 157*d - 12. Determine y(23).
80
Let s(k) = 322*k - 1592. Give s(5).
18
Let i(l) = 3*l**2 - 54*l + 94. What is i(2)?
-2
Let q(i) = 95*i - 57. Calculate q(2).
133
Let d(x) = 638*x - 6. Give d(0).
-6
Let y(l) = -l**3 - 116*l**2 - 112*l + 371. What is y(-115)?
26
Let t(k) = 29*k**3 - k**2 + 27*k + 53. Calculate t(-2).
-237
Let i(d) = -69*d**2 + 6*d + 16. What is i(-2)?
-272
Let u(a) = 463*a + 1416. What is u(-3)?
27
Let t(m) = 2*m**3 + 28*m**2 + 115*m + 2180. Give t(-15).
5
Let f(n) = -n**2 + 17*n + 177. Give f(27).
-93
Let j(k) = k**3 - 5*k**2 + 3*k - 24. Determine j(5).
-9
Let z(m) = -m**3 - 7*m**2 + 31*m + 86. What is z(-9)?
-31
Let h(n) = 4*n**2 - 14*n + 25. Give h(4).
33
Let c(x) = 10*x - 463. Calculate c(49).
27
Let l(k) = -5*k**2 + 120*k + 103. Calculate l(25).
-22
Let f(o) = 21*o + 22. Determine f(7).
169
Let t(k) = -9*k**3 - k**2 + 18*k - 17. Determine t(1).
-9
Let f(m) = -m**2 + 196*m + 2281. Give f(-11).
4
Let a(q) = -q**2 - 54*q + 3098. Calculate a(35).
-17
Let x(g) = 5825*g + 52419. Calculate x(-9).
-6
Let p(g) = -g**3 + 10*g**2 - 14*g - 25. Calculate p(6).
35
Let i(o) = 2*o**2 + 32*o + 482. What is i(-27)?
1076
Let p(i) = 3*i**2 - 18*i - 29. What is p(5)?
-44
Let x(n) = -n**3 + 22*n**2 - 66*n + 1045. Give x(21).
100
Let d(q) = 147*q + 361. Give d(-2).
67
Let s(p) = -49*p - 1316. Determine s(-27).
7
Let v(x) = -x**3 + 25*x**2 - 118*x + 214. Give v(20).
-146
Let l(b) = -3*b**2 - 19*b + 33. Give l(-7).
19
Let a(u) = 4*u**2 + 319*u + 153. Give a(-79).
-84
Let l(w) = 2*w**3 - 31*w**2 + 18*w - 43. What is l(15)?
2
Let f(y) = -9*y - 426. Determine f(-49).
15
Let c(m) = 4068*m - 4061. Calculate c(1).
7
Let h(n) = -2047*n + 24586. Determine h(12).
22
Let j(o) = -1451*o + 44993. Calculate j(31).
12
Let u(v) = -24*v**3 - v**2 + 9*v + 4. Give u(-2).
174
Let m(i) = -48*i + 3142. Give m(65).
22
Let x(z) = -44*z - 3694. Give x(-84).
2
Let p(u) = u**3 - 10*u**2 + 20*u - 30. Give p(7).
-37
Let j(h) = -135*h - 680. Determine j(-5).
-5
Let c(v) = 7*v**2 - 1687*v + 3353. What is c(239)?
7
Let a(r) = -34*r - 923. Calculate a(-27).
-5
Let p(a) = a**3 + 25*a**2 + 148*a - 101. Give p(-13).
3
Let s(l) = -l**3 + 4*l**2 + 545*l - 3200. Give s(6).
-2
Let m(t) = -t**3 - 28*t**2 - 93*t + 79. What is m(-6)?
-155
Let w(u) = 5*u**3 + 340*u**2 + 5*u + 348. Calculate w(-68).
8
Let w(j) = -4*j**3 - 4*j**2 + j + 23. Calculate w(4).
-293
Let g(u) = -u**3 + 33*u**2 - 70*u + 251. Give g(31).
3
Let r(y) = -159*y + 9578. Determine r(60).
38
Let z(r) = 14*r - 730. Determine z(54).
26
Let o(z) = -z**2 + 28*z + 265. Determine o(36).
-23
Let y(j) = 404*j - 8586. Calculate y(21).
-102
Let c(a) = 15*a**2 - 391*a + 22. Calculate c(26).
-4
Let s(l) = -2*l**3 - 25*l**2 - l - 194. Give s(-13).
-12
Let i(f) = -132*f + 1506. Determine i(11).
54
Let y(h) = 20038*h + 300580. Determine y(-15).
10
Let l(b) = -b**2 + 38*b - 375. Calculate l(19).
-14
Let z(a) = -a**3 + a**2 + 16*a - 42. Determine z(3).
-12
Let p(t) = -512*t - 3592. Determine p(-7).
-8
Let o(g) = 750*g**2 + 758*g + 15. Give o(-1).
7
Let f(g) = -g**3 + 24*g**2 - 29*g + 25. Give f(23).
-113
Let n(f) = -494*f + 1973. Calculate n(4).
-3
Let c(r) = 79*r + 560. What is c(-7)?
7
Let x(m) = -12*m - 612. Determine x(-34).
-204
Let j(y) = -3*y**3 + 524*y**2 + 1244*y - 880. What is j(177)?
5
Let l(q) = 2*q**2 + 6*q + 14. What is l(-3)?
14
Let l(p) = p**3 - 29*p**2 + 41*p - 26. Calculate l(28).
338
Let m(b) = 3*b**2 + 31*b + 78. What is m(-10)?
68
Let y(t) = -538*t - 8082. Calculate y(-15).
-12
Let u(a) = -a**2 + 90*a - 1537. Give u(23).
4
Let q(i) = -3*i**2 + 30*i - 2. Give q(0).
-2
Let u(o) = -o**3 + 94*o**2 + 103*o - 723. What is u(95)?
37
Let t(i) = -7*i**2 - 383*i - 274. Give t(-54).
-4
Let m(g) = 39687*g + 39685. Determine m(-1).
-2
Let i(j) = 14*j**2 + 3*j - 2. Give i(5).
363
Let i(l) = l**3 + 36*l**2 + 226*l + 16. What is i(-8)?
0
Let b(x) = 46*x**2 - 1561*x - 102. Calculate b(34).
0
Let f(u) = 15*u**3 + 326*u**2 - 78*u + 206. Determine f(-22).
-14
Let r(g) = 73*g + 127. What is r(-2)?
-19
Let g(f) = -4*f**2 + 86*f + 181. Give g(24).
-59
Let w(q) = -q**3 - 76*q**2 + 680*q + 618. Determine w(-84).
-54
Let l(s) = s**3 - 2*s + 2. Calculate l(2).
6
Let h(o) = 202*o - 827. Determine h(4).
-19
Let s(x) = 2*x**3 + 20*x**2 + 30*x - 9. Determine s(-2).
-5
Let n(a) = a**2 - 115*a - 80. What is n(0)?
-80
Let z(k) = k**3 - 68*k**2 - 288*k + 32. Calculate z(72).
32
Let h(l) = -7*l**3 - 25*l**2 + 6*l - 60. Determine h(-4).
-36
Let d(b) = 6*b**3 - 2*b**2 - 157*b + 159. Calculate d(1).
6
Let h(f) = -43*f + 365. Give h(9).
-22
Let h(r) = 2*r**3 - 16*r**2 + 6*r + 101. What is h(6)?
-7
Let x(q) = -76*q + 8438. Determine x(111).
2
Let z(j) = 23*j - 193. What is z(8)?
-9
Let m(z) = 42*z + 5707. What is m(-136)?
-5
Let w(y) = -43*y**3 - 2*y**2 + 6. Determine w(-2).
342
Let a(h) = h**2 - 27*h + 92. Give a(12).
-88
Let r(t) = 34*t**2 - 9457*t + 1394. Give r(278).
4
Let a(l) = 